{"id":995,"date":"2021-01-23T14:37:59","date_gmt":"2021-01-23T17:37:59","guid":{"rendered":"https:\/\/clicfle.com\/?page_id=995"},"modified":"2025-01-16T14:21:49","modified_gmt":"2025-01-16T17:21:49","slug":"phonetique","status":"publish","type":"page","link":"https:\/\/clicfle.com\/index.php\/phonetique\/","title":{"rendered":"Phon\u00e9tique"},"content":{"rendered":"\n<h2 class=\"wp-block-heading\">Phon\u00e9tique<\/h2>\n\n\n\n<p>Apprendre \u00e0 prononcer le fran\u00e7ais avec des exercices.<\/p>\n\n\n\n<h3 class=\"has-white-color has-vivid-cyan-blue-background-color has-text-color has-background wp-block-heading\"><strong>Exercices [y]<\/strong><\/h3>\n\n\n\n<p><a href=\"https:\/\/clicfle.com\/exercices_jc\/phonetique\/son_y_images\/\" target=\"_blank\" rel=\"noreferrer noopener\">1 &#8211; Exercice de discrimination avec des images; <\/a><\/p>\n\n\n\n<p><a href=\"https:\/\/clicfle.com\/exercices_jc\/phonetique\/le_i_y\/\" target=\"_blank\" rel=\"noreferrer noopener\">2- Identiques ou diff\u00e9rents?<\/a><\/p>\n\n\n\n<p><a href=\"https:\/\/clicfle.com\/exercices_jc\/phonetique\/son_i_y_images\/\" target=\"_blank\" rel=\"noreferrer noopener\">3- [i] ou [y]<\/a><\/p>\n\n\n\n<p class=\"has-white-color has-vivid-purple-background-color has-text-color has-background\"><strong>Comptines pour apprendre \u00e0 prononcer le son [y]<\/strong><\/p>\n\n\n\n<p><a href=\"https:\/\/www.youtube.com\/watch?v=yh0O-u-2Sq0\" target=\"_blank\" rel=\"noreferrer noopener\">1- J&rsquo;AI TREMP\u00c9 MON DOIGT DANS LA CONFITURE<\/a><\/p>\n\n\n\n<p><a href=\"https:\/\/www.youtube.com\/watch?v=k72S8XYqi0c\" target=\"_blank\" rel=\"noreferrer noopener\">2- La famille Tortue<\/a><\/p>\n\n\n\n<h3 class=\"has-white-color has-vivid-cyan-blue-background-color has-text-color has-background wp-block-heading\"><strong>Exercices [\u0259] <\/strong>[\u025b] [e]<\/h3>\n\n\n\n<p> <a href=\"https:\/\/clicfle.com\/exercices_jc\/phonetique\/son_e\/\" target=\"_blank\" rel=\"noreferrer noopener\">1 &#8211; Exercice &#8211; son <strong>[\u0259]<\/strong><\/a> &#8211;<a href=\"https:\/\/clicfle.com\/exercices_jc\/phonetique\/son_e\/\" target=\"_blank\" rel=\"noreferrer noopener\">discrimination avec des images;<\/a><\/p>\n\n\n\n<p><a href=\"https:\/\/clicfle.com\/exercices_jc\/phonetique\/son_eouvert\/\" target=\"_blank\" rel=\"noreferrer noopener\">2 &#8211; Exercice &#8211; son <strong>[\u025b]<\/strong> -discrimination avec des images;<\/a><\/p>\n\n\n\n<p><a href=\"https:\/\/clicfle.com\/exercices_jc\/phonetique\/son_eferme\/\" target=\"_blank\" rel=\"noreferrer noopener\">3 &#8211; Exercice &#8211; son <strong>[e]<\/strong> -discrimination avec des images;<\/a><\/p>\n\n\n\n<p><a href=\"https:\/\/clicfle.com\/exercices_jc\/phonetique\/son_e_ferme_e_ouvert\/\" target=\"_blank\" rel=\"noreferrer noopener\">4 &#8211; Exercice &#8211; Glisser-d\u00e9poser &#8211; discrimination avec des images;<\/a><\/p>\n\n\n\n<p><\/p>\n\n\n\n<h3 class=\"has-white-color has-vivid-cyan-blue-background-color has-text-color has-background wp-block-heading\"><strong>Exercices [0] <\/strong>[a] [\u00f5]<\/h3>\n\n\n\n<p><a href=\"https:\/\/clicfle.com\/index.php\/category\/phonetique\/\" target=\"_blank\" rel=\"noreferrer noopener\">1 &#8211; Exercices avec  des images;<\/a><\/p>\n\n\n\n<h3 class=\"has-white-color has-vivid-cyan-blue-background-color has-text-color has-background wp-block-heading\"><strong>Exercices [b] <\/strong>[v]<\/h3>\n\n\n\n<p><a href=\"https:\/\/clicfle.com\/exercices_jc\/phonetique\/sonbv\/\" target=\"_blank\" rel=\"noreferrer noopener\">1- Exercices &#8211; opposition &#8211; [b] [v];<\/a><\/p>\n","protected":false},"excerpt":{"rendered":"<p>Phon\u00e9tique Apprendre \u00e0 prononcer le fran\u00e7ais avec des exercices. Exercices [y] 1 &#8211; Exercice de discrimination avec des images; 2- Identiques ou diff\u00e9rents? 3- [i] [&#8230;]<\/p>\n","protected":false},"author":1,"featured_media":996,"parent":0,"menu_order":0,"comment_status":"closed","ping_status":"closed","template":"templates\/template-sidebar-right.php","meta":{"footnotes":""},"class_list":["post-995","page","type-page","status-publish","has-post-thumbnail","hentry"],"yoast_head":"<!-- This site is optimized with the Yoast SEO plugin v27.4 - https:\/\/yoast.com\/product\/yoast-seo-wordpress\/ -->\n<title>Phon\u00e9tique - CLIC FLE INTERACTIF - Apprendre fran\u00e7ais en s&#039;amusant<\/title>\n<meta name=\"description\" content=\"Apprendre \u00e0 prononcer le fran\u00e7ais avec des exercices.\" \/>\n<meta name=\"robots\" content=\"index, follow, max-snippet:-1, max-image-preview:large, max-video-preview:-1\" \/>\n<link rel=\"canonical\" href=\"https:\/\/clicfle.com\/index.php\/phonetique\/\" \/>\n<meta property=\"og:locale\" content=\"fr_FR\" \/>\n<meta property=\"og:type\" content=\"article\" \/>\n<meta property=\"og:title\" content=\"Phon\u00e9tique - CLIC FLE INTERACTIF - Apprendre fran\u00e7ais en s&#039;amusant\" \/>\n<meta property=\"og:description\" content=\"Apprendre \u00e0 prononcer le fran\u00e7ais avec des exercices.\" \/>\n<meta property=\"og:url\" content=\"https:\/\/clicfle.com\/index.php\/phonetique\/\" \/>\n<meta property=\"og:site_name\" content=\"CLIC FLE INTERACTIF - Apprendre fran\u00e7ais en s&#039;amusant\" \/>\n<meta property=\"article:publisher\" content=\"http:\/\/www.facebook.com\/clicfleinteractif\" \/>\n<meta property=\"article:modified_time\" content=\"2025-01-16T17:21:49+00:00\" \/>\n<meta property=\"og:image\" content=\"https:\/\/clicfle.com\/wp-content\/uploads\/2021\/01\/phonetique-5.png\" \/>\n\t<meta property=\"og:image:width\" content=\"1080\" \/>\n\t<meta property=\"og:image:height\" content=\"1080\" \/>\n\t<meta property=\"og:image:type\" content=\"image\/png\" \/>\n<meta name=\"twitter:card\" content=\"summary_large_image\" \/>\n<meta name=\"twitter:label1\" content=\"Dur\u00e9e de lecture estim\u00e9e\" \/>\n\t<meta name=\"twitter:data1\" content=\"1 minute\" \/>\n<script type=\"application\/ld+json\" class=\"yoast-schema-graph\">{\"@context\":\"https:\\\/\\\/schema.org\",\"@graph\":[{\"@type\":\"WebPage\",\"@id\":\"https:\\\/\\\/clicfle.com\\\/index.php\\\/phonetique\\\/\",\"url\":\"https:\\\/\\\/clicfle.com\\\/index.php\\\/phonetique\\\/\",\"name\":\"Phon\u00e9tique - CLIC FLE INTERACTIF - Apprendre fran\u00e7ais en s&#039;amusant\",\"isPartOf\":{\"@id\":\"https:\\\/\\\/clicfle.com\\\/#website\"},\"primaryImageOfPage\":{\"@id\":\"https:\\\/\\\/clicfle.com\\\/index.php\\\/phonetique\\\/#primaryimage\"},\"image\":{\"@id\":\"https:\\\/\\\/clicfle.com\\\/index.php\\\/phonetique\\\/#primaryimage\"},\"thumbnailUrl\":\"https:\\\/\\\/clicfle.com\\\/wp-content\\\/uploads\\\/2021\\\/01\\\/phonetique-5.png\",\"datePublished\":\"2021-01-23T17:37:59+00:00\",\"dateModified\":\"2025-01-16T17:21:49+00:00\",\"description\":\"Apprendre \u00e0 prononcer le fran\u00e7ais avec des exercices.\",\"breadcrumb\":{\"@id\":\"https:\\\/\\\/clicfle.com\\\/index.php\\\/phonetique\\\/#breadcrumb\"},\"inLanguage\":\"fr-FR\",\"potentialAction\":[{\"@type\":\"ReadAction\",\"target\":[\"https:\\\/\\\/clicfle.com\\\/index.php\\\/phonetique\\\/\"]}]},{\"@type\":\"ImageObject\",\"inLanguage\":\"fr-FR\",\"@id\":\"https:\\\/\\\/clicfle.com\\\/index.php\\\/phonetique\\\/#primaryimage\",\"url\":\"https:\\\/\\\/clicfle.com\\\/wp-content\\\/uploads\\\/2021\\\/01\\\/phonetique-5.png\",\"contentUrl\":\"https:\\\/\\\/clicfle.com\\\/wp-content\\\/uploads\\\/2021\\\/01\\\/phonetique-5.png\",\"width\":1080,\"height\":1080},{\"@type\":\"BreadcrumbList\",\"@id\":\"https:\\\/\\\/clicfle.com\\\/index.php\\\/phonetique\\\/#breadcrumb\",\"itemListElement\":[{\"@type\":\"ListItem\",\"position\":1,\"name\":\"Accueil\",\"item\":\"https:\\\/\\\/clicfle.com\\\/\"},{\"@type\":\"ListItem\",\"position\":2,\"name\":\"Phon\u00e9tique\"}]},{\"@type\":\"WebSite\",\"@id\":\"https:\\\/\\\/clicfle.com\\\/#website\",\"url\":\"https:\\\/\\\/clicfle.com\\\/\",\"name\":\"CLIC FLE\",\"description\":\"Apprendre en s&#039;amusant\",\"publisher\":{\"@id\":\"https:\\\/\\\/clicfle.com\\\/#organization\"},\"potentialAction\":[{\"@type\":\"SearchAction\",\"target\":{\"@type\":\"EntryPoint\",\"urlTemplate\":\"https:\\\/\\\/clicfle.com\\\/?s={search_term_string}\"},\"query-input\":{\"@type\":\"PropertyValueSpecification\",\"valueRequired\":true,\"valueName\":\"search_term_string\"}}],\"inLanguage\":\"fr-FR\"},{\"@type\":\"Organization\",\"@id\":\"https:\\\/\\\/clicfle.com\\\/#organization\",\"name\":\"CLIC FLE\",\"url\":\"https:\\\/\\\/clicfle.com\\\/\",\"logo\":{\"@type\":\"ImageObject\",\"inLanguage\":\"fr-FR\",\"@id\":\"https:\\\/\\\/clicfle.com\\\/#\\\/schema\\\/logo\\\/image\\\/\",\"url\":\"https:\\\/\\\/clicfle.com\\\/wp-content\\\/uploads\\\/2019\\\/09\\\/clicflelogo-e1567971943736.jpg\",\"contentUrl\":\"https:\\\/\\\/clicfle.com\\\/wp-content\\\/uploads\\\/2019\\\/09\\\/clicflelogo-e1567971943736.jpg\",\"width\":320,\"height\":205,\"caption\":\"CLIC FLE\"},\"image\":{\"@id\":\"https:\\\/\\\/clicfle.com\\\/#\\\/schema\\\/logo\\\/image\\\/\"},\"sameAs\":[\"http:\\\/\\\/www.facebook.com\\\/clicfleinteractif\"]}]}<\/script>\n<!-- \/ Yoast SEO plugin. -->","yoast_head_json":{"title":"Phon\u00e9tique - CLIC FLE INTERACTIF - Apprendre fran\u00e7ais en s&#039;amusant","description":"Apprendre \u00e0 prononcer le fran\u00e7ais avec des exercices.","robots":{"index":"index","follow":"follow","max-snippet":"max-snippet:-1","max-image-preview":"max-image-preview:large","max-video-preview":"max-video-preview:-1"},"canonical":"https:\/\/clicfle.com\/index.php\/phonetique\/","og_locale":"fr_FR","og_type":"article","og_title":"Phon\u00e9tique - CLIC FLE INTERACTIF - Apprendre fran\u00e7ais en s&#039;amusant","og_description":"Apprendre \u00e0 prononcer le fran\u00e7ais avec des exercices.","og_url":"https:\/\/clicfle.com\/index.php\/phonetique\/","og_site_name":"CLIC FLE INTERACTIF - Apprendre fran\u00e7ais en s&#039;amusant","article_publisher":"http:\/\/www.facebook.com\/clicfleinteractif","article_modified_time":"2025-01-16T17:21:49+00:00","og_image":[{"width":1080,"height":1080,"url":"https:\/\/clicfle.com\/wp-content\/uploads\/2021\/01\/phonetique-5.png","type":"image\/png"}],"twitter_card":"summary_large_image","twitter_misc":{"Dur\u00e9e de lecture estim\u00e9e":"1 minute"},"schema":{"@context":"https:\/\/schema.org","@graph":[{"@type":"WebPage","@id":"https:\/\/clicfle.com\/index.php\/phonetique\/","url":"https:\/\/clicfle.com\/index.php\/phonetique\/","name":"Phon\u00e9tique - CLIC FLE INTERACTIF - Apprendre fran\u00e7ais en s&#039;amusant","isPartOf":{"@id":"https:\/\/clicfle.com\/#website"},"primaryImageOfPage":{"@id":"https:\/\/clicfle.com\/index.php\/phonetique\/#primaryimage"},"image":{"@id":"https:\/\/clicfle.com\/index.php\/phonetique\/#primaryimage"},"thumbnailUrl":"https:\/\/clicfle.com\/wp-content\/uploads\/2021\/01\/phonetique-5.png","datePublished":"2021-01-23T17:37:59+00:00","dateModified":"2025-01-16T17:21:49+00:00","description":"Apprendre \u00e0 prononcer le fran\u00e7ais avec des exercices.","breadcrumb":{"@id":"https:\/\/clicfle.com\/index.php\/phonetique\/#breadcrumb"},"inLanguage":"fr-FR","potentialAction":[{"@type":"ReadAction","target":["https:\/\/clicfle.com\/index.php\/phonetique\/"]}]},{"@type":"ImageObject","inLanguage":"fr-FR","@id":"https:\/\/clicfle.com\/index.php\/phonetique\/#primaryimage","url":"https:\/\/clicfle.com\/wp-content\/uploads\/2021\/01\/phonetique-5.png","contentUrl":"https:\/\/clicfle.com\/wp-content\/uploads\/2021\/01\/phonetique-5.png","width":1080,"height":1080},{"@type":"BreadcrumbList","@id":"https:\/\/clicfle.com\/index.php\/phonetique\/#breadcrumb","itemListElement":[{"@type":"ListItem","position":1,"name":"Accueil","item":"https:\/\/clicfle.com\/"},{"@type":"ListItem","position":2,"name":"Phon\u00e9tique"}]},{"@type":"WebSite","@id":"https:\/\/clicfle.com\/#website","url":"https:\/\/clicfle.com\/","name":"CLIC FLE","description":"Apprendre en s&#039;amusant","publisher":{"@id":"https:\/\/clicfle.com\/#organization"},"potentialAction":[{"@type":"SearchAction","target":{"@type":"EntryPoint","urlTemplate":"https:\/\/clicfle.com\/?s={search_term_string}"},"query-input":{"@type":"PropertyValueSpecification","valueRequired":true,"valueName":"search_term_string"}}],"inLanguage":"fr-FR"},{"@type":"Organization","@id":"https:\/\/clicfle.com\/#organization","name":"CLIC FLE","url":"https:\/\/clicfle.com\/","logo":{"@type":"ImageObject","inLanguage":"fr-FR","@id":"https:\/\/clicfle.com\/#\/schema\/logo\/image\/","url":"https:\/\/clicfle.com\/wp-content\/uploads\/2019\/09\/clicflelogo-e1567971943736.jpg","contentUrl":"https:\/\/clicfle.com\/wp-content\/uploads\/2019\/09\/clicflelogo-e1567971943736.jpg","width":320,"height":205,"caption":"CLIC FLE"},"image":{"@id":"https:\/\/clicfle.com\/#\/schema\/logo\/image\/"},"sameAs":["http:\/\/www.facebook.com\/clicfleinteractif"]}]}},"_links":{"self":[{"href":"https:\/\/clicfle.com\/index.php\/wp-json\/wp\/v2\/pages\/995","targetHints":{"allow":["GET"]}}],"collection":[{"href":"https:\/\/clicfle.com\/index.php\/wp-json\/wp\/v2\/pages"}],"about":[{"href":"https:\/\/clicfle.com\/index.php\/wp-json\/wp\/v2\/types\/page"}],"author":[{"embeddable":true,"href":"https:\/\/clicfle.com\/index.php\/wp-json\/wp\/v2\/users\/1"}],"replies":[{"embeddable":true,"href":"https:\/\/clicfle.com\/index.php\/wp-json\/wp\/v2\/comments?post=995"}],"version-history":[{"count":12,"href":"https:\/\/clicfle.com\/index.php\/wp-json\/wp\/v2\/pages\/995\/revisions"}],"predecessor-version":[{"id":1037,"href":"https:\/\/clicfle.com\/index.php\/wp-json\/wp\/v2\/pages\/995\/revisions\/1037"}],"wp:featuredmedia":[{"embeddable":true,"href":"https:\/\/clicfle.com\/index.php\/wp-json\/wp\/v2\/media\/996"}],"wp:attachment":[{"href":"https:\/\/clicfle.com\/index.php\/wp-json\/wp\/v2\/media?parent=995"}],"curies":[{"name":"wp","href":"https:\/\/api.w.org\/{rel}","templated":true}]}}